der when p is divided by 13?
11
Suppose -3*u = -3*b - 3, 4*b - 2*b - 22 = -2*u. Suppose -3*p = -j + 6 - 42, -2*j = -u. Let y = 81 - 57. Calculate the remainder when y is divided by p.
11
Suppose -76 = 172*p - 176*p. Suppose -180 = -3*z - 2*z. What is the remainder when z is divided by p?
17
Suppose -5*v - 5 = 0, 4*q - 5*v = -v + 16. Suppose 0*x - q*x = -24. Calculate the remainder when 15 is divided by x.
7
Calculate the remainder when 40 + 2 + -3 + 12/(-4) is divided by 7.
1
Let y be 84/(-1 - -4 - 2). Suppose h = -2*f + 18, 5*f - y = -5*h + f. What is the remainder when h is divided by 6?
4
Let o(f) = -10*f - 1 - 8 + 6. Calculate the remainder when 49 is divided by o(-2).
15
Suppose -2*c + 0*c + 28 = 4*g, -3*c = -2*g - 42. Suppose 4*b - 2*d - 230 = -8, 3*b - 5*d - 170 = 0. What is the remainder when b is divided by c?
13
Let s be (4/(-10))/(1/5). Let y = -18 - -24. Calculate the remainder when s/6*1*-33 is divided by y.
5
Let w(o) = -3*o. Let s(d) = -d - 16. Let j be s(-9). Let p be w(j). Let a = -2 + p. What is the remainder when a is divided by 7?
5
Let f(d) = -15*d + 3. Calculate the remainder when 49 is divided by f(-1).
13
Let g be 1/(-5) + (-121)/(-55). Let p(y) = -y**3 - 7*y**2 + 9*y + 10. Let n be p(-8). Suppose -4 = -g*z - n. What is the remainder when 1 is divided by z?
0
Let r = 3 + -3. Suppose 5*n + 2*b + 18 = 78, 5*b = -2*n + 45. Calculate the remainder when 1/(1/18 - r) is divided by n.
8
Let o(p) be the first derivative of 2*p**3/3 - p**2/2 - p + 4. What is the remainder when o(-2) is divided by 3?
0
Let q = 10 + 35. Suppose -4*g - 4*c - 50 = -190, 5*g = -4*c + 171. What is the remainder when g is divided by 78/5 - (-18)/q?
15
Suppose 4*c + 44 = 112. Suppose -o = 4*o - 25. Calculate the remainder when c is divided by o.
2
Let g = -8 + 9. Let o = 14 - g. What is the remainder when 23 is divided by o?
10
Let j(k) = -k**3 - 5*k**2 - 6*k - 1. Let h be j(-4). Let x = 8 - 5. Suppose -x*o + 76 = h. What is the remainder when o is divided by 8?
7
Let x(u) = 8*u**2 - u - 1. Let c be x(1). Suppose 0 = -2*m + c*m - 48. What is the remainder when 45 is divided by m?
9
Suppose 5*g - 5 = 0, -2*h = 5*g - 32 - 65. Let k = h - 27. Calculate the remainder when k is divided by 5.
4
Suppose -d + 3 = -4*g - 3, 2*g = 0. What is the remainder when 16 is divided by d?
4
Let v(l) = -6*l**2 + 12 + l**3 - 4*l + 14*l**2 - 4*l. Let i be v(-9). What is the remainder when 8 is divided by (0 - -1)/(i/15)?
3
Let b(a) = -a**2 - 9*a + 2. Let r be b(-7). Suppose -5*p + z + 55 = -2*p, -p = 2*z - r. What is the remainder when 34 is divided by p?
16
Let o(h) = -h**3 + 6*h**2 + 2*h - 3. Calculate the remainder when 24 is divided by o(6).
6
Let q(p) = p**2 + 15*p + 39. Calculate the remainder when 50 is divided by q(-13).
11
Let p(x) = -3*x + 7. What is the remainder when 72 is divided by p(-10)?
35
Suppose 0 = 5*y + 10, -2*v - v + 2*y = -34. What is the remainder when v is divided by 4?
2
Suppose -9*d + 532 = -2*d. Calculate the remainder when d is divided by 9.
4
Let y(t) = t + 1. Let s be y(-2). Let g = s + 19. Suppose -g = 2*d - 62. What is the remainder when 65 is divided by d?
21
Let f(g) = 10*g**3 + 3*g**2 - 3*g + 4. Let o be f(2). Suppose 0*m - 54 = -3*m - 5*s, 5*m + 3*s - o = 0. Calculate the remainder when 71 is divided by m.
17
Let k(i) = -3*i**2 + 7*i + 5. Let p be k(-5). What is the remainder when (4/3)/((-10)/p) is divided by 5?
4
Let s(k) = k**3 - 3*k**2 + 3. Suppose -t + 6*t = 20. Suppose 0 = -3*u + 7*u - 40. Calculate the remainder when s(t) is divided by u.
9
Let v = 218 + -128. What is the remainder when v is divided by 31?
28
Suppose -o + 11 + 58 = 0. Calculate the remainder when o is divided by 14.
13
Suppose -4*j + 5*x = -33, 0 = -3*j - 3*x - 0*x - 9. Suppose -j*o - 2 = -4. Calculate the remainder when 50/((-1 - o) + 4) is divided by 9.
7
Suppose 25 = 4*w + w + m, w + 4*m = -14. Let p(r) = 5*r - 21. Calculate the remainder when p(6) is divided by w.
3
Let s = 5 - -5. What is the remainder when 28 is divided by s?
8
Let g = -37 - -40. Calculate the remainder when 16 is divided by g.
1
Let f = -61 + 103. Suppose 4*b + 3*r - 49 = 42, -5*r = b - 27. Calculate the remainder when f is divided by b.
20
Suppose 13*x - 9*x - 188 = 0. Suppose -b + 48 = 3*b. Calculate the remainder when x is divided by b.
11
Let u = 106 + -60. What is the remainder when u is divided by 17?
12
Let v be 1*(2 + 2) + 0. Suppose g - v*g = -15. Calculate the remainder when g is divided by (-5)/(-10) - (-14)/4.
1
Let y = 8 - 4. What is the remainder when ((-2)/4)/((-2)/36) is divided by y?
1
Let m = 20 + -12. Calculate the remainder when 29 is divided by m.
5
Suppose 331 = -2*o - 467. Let r be 5/20 + o/(-4). Suppose -z - r = -6*z. What is the remainder when z is divided by 7?
6
Let j = 7 - -34. What is the remainder when j is divided by 6?
5
Let v = -2 + 4. What is the remainder when (115 - 0) + (1 - v) is divided by 29?
27
Calculate the remainder when 65 is divided by (-3)/(-1) - 16/(-2).
10
Calculate the remainder when 46 is divided by 230/15 - 4/(-6).
14
Let k = -18 - -40. Suppose -2*q + 28 = 4*w, 5*w - 9 = 4*q - 0. What is the remainder when k is divided by w?
2
Suppose 2*n = 5*u + 50, 3*n - 8*n + 144 = -3*u. Suppose -n = -0*s - 3*s. Calculate the remainder when s is divided by 3.
1
Let i be 2*(13/2 + -1). Suppose 13 + 3 = 3*u + 2*g, -3*g + i = -2*u. Calculate the remainder when 46/u + -2 + 2 is divided by 6.
5
Let c = 45 - -23. What is the remainder when c is divided by 23?
22
Let r(p) = -2*p**2 + 7*p + 2. Let o be r(4). What is the remainder when o/(-2 + 352/180) is divided by 12?
9
Let x(k) = 112*k**3 - 2*k**2 + 3*k - 2. Calculate the remainder when x(1) is divided by 29.
24
Suppose 2*t = 5*t + 3, -5*y + 3*t + 103 = 0. Suppose 5*x + 2*r - 32 = 8, 4*r = -y. Calculate the remainder when 19 is divided by x.
9
Let t(l) = 14*l - 61. Let z(s) = s**2 + 8. Calculate the remainder when z(6) is divided by t(6).
21
Let w = -5 + 13. Let g(t) = 2*t**2 - 3*t. Let f be g(2). What is the remainder when w is divided by (5 + -2)*(-1 + f)?
2
Suppose 4*u - x = -2*x + 345, 5*x - 280 = -3*u. Let m(v) = v**2 - 4*v + 1. Calculate the remainder when u is divided by m(7).
19
Let c(b) = -b**2 + 4*b. Let j(r) = -r - 6. Let s be j(-5). What is the remainder when (6/4 - s)*2 is divided by c(3)?
2
Let y(j) = -j + 8. Suppose -89 = -4*b + 27. Calculate the remainder when b is divided by y(-7).
14
Calculate the remainder when 35 is divided by 4/(-2)*2*(-3)/2.
5
What is the remainder when 31 is divided by -1*(-4)/(-4)*-8?
7
Let i(n) be the second derivative of n**4/4 + n**2/2 + 3*n. Calculate the remainder when 23 is divided by i(2).
10
Suppose 0 = -2*w + 70 - 12. Suppose g + g + 3*y - w = 0, 3*g - y = 60. Suppose 6*r = 9*r - 30. Calculate the remainder when g is divided by r.
9
Suppose 0*t - 3*t + 165 = 0. Suppose 4*j = -j + t. What is the remainder when 32 is divided by j?
10
Let p = -40 + 51. Calculate the remainder when 29 is divided by p.
7
Let s(v) = -v**3 + 12*v**2 - 17*v - 18. What is the remainder when s(9) is divided by 27?
18
Suppose 2*s = b + 192, -b + 390 = -0*s + 4*s. Suppose -53 = -3*t + s. What is the remainder when t is divided by 17?
16
Let m(b) = b + 5. Let u be m(0). Suppose -f = -z + 32, -3*f - 152 = -u*z - 2*f. What is the remainder when z is divided by 16?
14
Suppose -7*l + 6*l = 3*h - 55, -78 = -4*h + l. What is the remainder when 54 is divided by h?
16
Let b(o) = -5*o + 2. Suppose 463 - 3 = 2*w. Suppose 0 = -3*j + i + 4*i + w, 0 = -2*j - 2*i + 180. Calculate the remainder when j is divided by b(-4).
19
Suppose 0 = -6*q + 10*q - 64. Calculate the remainder when 46 is divided by q.
14
Let f(d) = d**2. Let w(v) = 4*v**2 - 20*v + 14. Let b(m) = -5*f(m) + w(m). Calculate the remainder when b(-18) is divided by 26.
24
Let s(j) = -16*j + 1. Let k be s(-6). Suppose 3*f + 3*z = 27 + 66, -3*f - z + k = 0. Calculate the remainder when f is divided by 12.
9
Let v = -114 - -129. What is the remainder when v is divided by 6?
3
Suppose -5*y = -5*x + 2*x + 38, -2*y = -4*x + 74. Calculate the remainder when 39 is divided by x.
18
Suppose -w + 4*w - 2*v = 182, 295 = 5*w - 5*v. What is the remainder when w is divided by (-33)/((-9)/(-12)*-2)?
20
Let r(t) = -3*t**3 + 5 + 0*t**2 + 2*t**3 + 4*t**2 + 